 - 3. Let l be o(2). Let h = 13 - l. Is (h/(-4))/(2/4) composite?
False
Let v be 90/25 - 4/(-10). Let w(z) = -z**2 + z + 3. Let u be w(v). Is (-1249)/u - 20/(-90) a prime number?
True
Let a(y) = 2*y + 37. Let i be a(-17). Suppose 40 = i*v - 56. Let o = v + -26. Is o a prime number?
False
Suppose 11653 = 5*n + 3*s, -n - 8*s = -5*s - 2321. Is n prime?
True
Let y(l) = -380*l**3 - 7*l**2 - 20*l - 17. Is y(-2) a composite number?
True
Let n(g) = 2*g**3 - 4*g**2 - 17*g + 23. Let d be n(11). Suppose -3*u + 74 = 2*h, 2*u = -5*h + 28 + 14. Is 9*d/u - (-4)/(-26) a composite number?
True
Let k = -1289004 - -1867438. Is k/145 - 2/10 composite?
False
Let w be (2/3)/(-1*4/(-1266)). Suppose -k = -910 + w. Is k a composite number?
True
Let w(x) = x**2 + 34*x + 91. Let s be w(-29). Is 15284/7*(-189)/s composite?
True
Let a(f) = -4*f + 16. Let k be a(3). Suppose 2*t = 12 + k. Let w(g) = -g**2 + 19*g + 5. Is w(t) a prime number?
False
Suppose -18*x = -81*x + 3600387. Is x a prime number?
True
Suppose 4*m + 139756 = -0*m + 6*m. Is m composite?
True
Suppose 4229*b - 4217*b - 3844644 = 0. Is b a composite number?
False
Let f(s) = 4*s + 27. Let k be f(-6). Suppose -5*u + 2 + k = 0. Let g(t) = 23*t**2 + t - 1. Is g(u) prime?
True
Suppose -2706 = 8*t - 2554. Let s(c) = -2*c**2 - 71*c + 6. Is s(t) a composite number?
True
Suppose 0 = -229*x + 14341339 + 7827922. Is x prime?
False
Let t(v) = v**2 + 7*v + 4. Let k = 10 - 16. Let f be t(k). Is 2/(-4) + (-707)/f a prime number?
True
Let j(s) = -s + 23. Let t(w) = 2*w**2 + 9*w + 8. Suppose -29 = 5*i + p, -2*i + 2*p - 1 = 1. Let u be t(i). Is j(u) a composite number?
True
Let a(o) = -3 + 3*o**2 + 2*o**3 - 5 - 2 - 22*o**3 + 2*o. Let b be a(7). Let k = 15314 + b. Is k a composite number?
True
Let z be 6 + (-1)/((-5)/(-15)). Suppose 7193 = 5*n + 2*m, 4 = -m + z. Is n a composite number?
False
Suppose -184358 = -2*p - 4*x, 0 = 2*p - 50*x + 71*x - 184358. Is p prime?
True
Suppose 4*j - 16 = 0, -9*t + 4*t = -3*j + 2. Suppose 4106 = -t*m + 4*m. Is m composite?
False
Let g(f) be the third derivative of f**5/15 - f**4 - 7*f**3/2 + 24*f**2. Let t be ((864/30)/(-8))/((-6)/20). Is g(t) a composite number?
True
Let n = 41 + -38. Suppose 5*q - 5 = -3*u + 4, 0 = -3*q + n*u - 9. Suppose 5*x + 2*a - 791 = q, 5*x - 4*a - 211 = 592. Is x a composite number?
True
Suppose -81790 - 78650 = -7*i. Let l = i - 13007. Is l a prime number?
False
Let c(t) = -6573*t + 3847. Is c(-64) composite?
False
Let t(s) = s**3 + 5*s**2 + 30*s - 3. Let p be t(12). Suppose -5*z + p = -2*k, -1259 = -2*z + k - 138. Is z a prime number?
True
Is (-34)/176 - (-2)/(-11) - (-131432444)/416 a prime number?
False
Suppose 25*y = 11*y + 155960. Suppose 137*t - 133*t - y = 0. Is t composite?
True
Let o(u) = 8720*u + 173. Is o(5) a composite number?
True
Let k = -51 + 19. Is 8/(k/(-12)) - -866 a composite number?
True
Let i(f) = -10*f**2 - 11*f + 9524. Let g(b) = 13*b**2 + 12*b - 9525. Let q(u) = 3*g(u) + 4*i(u). Is q(0) prime?
True
Let m(o) = 32*o**2 + 14*o - 14. Let k be m(5). Suppose -211 - k = -v. Is v a composite number?
True
Is (-33)/(165/(-28)) - 6 - (-963697)/5 a composite number?
True
Let y(r) = 1165*r**2 - 2. Let j be 6 + 2 + -3 + (-120)/30. Is y(j) a prime number?
True
Let b = -97 + 317. Let a = 39 + b. Is a a prime number?
False
Let d = 43 - 40. Suppose -4*f - 36017 = -d*a - 155634, f - 29903 = 2*a. Is f a prime number?
False
Is (2 + (-5 - 3288843))*9/(-54) a composite number?
True
Let g = 705405 + -356992. Is g prime?
False
Suppose 0 = 25*c - 19*c - 29826. Suppose 3*i - 2*o - 11943 = 2990, c = i - 4*o. Is i composite?
True
Let z(w) = 2*w + 1. Let q(j) = 56*j - 36. Let x(l) = q(l) + 2*z(l). Let o be x(-25). Is -9*(-8)/360 - o/5 prime?
True
Let u(x) = x**3 - 8*x**2 + 11*x + 6. Let w be u(6). Suppose 4*k - 3765 = 4*n + 6207, -5*n - 10 = w. Is k a prime number?
False
Suppose -3*u = -2*z + 21511 + 12451, -67922 = -4*z + 5*u. Suppose -12*r + z = 14*r. Is r a prime number?
True
Suppose -676*s + 677*s - 2927 = 0. Let z = -1810 + s. Is z composite?
False
Let d(h) be the third derivative of 13*h**4/2 + 7*h**3/3 + 2*h**2 + 11*h. Is d(2) a prime number?
False
Suppose -97*y = 5*u - 96*y - 229946, 0 = -u - 5*y + 45994. Is u composite?
False
Suppose -5*g + 11654 = 4*t, 5*t - 2*g - g = 14549. Let v(w) = 31*w**3 - 4*w**2 - 6*w + 11. Let b be v(-4). Let c = t + b. Is c prime?
False
Let r(u) be the third derivative of u**6/120 + u**5/60 + 997*u**3/6 + 7*u**2 + 2. Suppose 3*a - 5*a = 0. Is r(a) composite?
False
Let v(j) = -878*j - 84. Let z(n) = n - 2. Let t(x) = v(x) - 3*z(x). Is t(-9) a prime number?
False
Suppose 0 = -3*m - 3*w - 729, -2*w + 46 = 36. Is 269/(9 + m/28) a composite number?
True
Suppose 1176*c - 1183*c + 10871 = 0. Is c prime?
True
Let z = 40 + -34. Suppose 3*b - z*s - 26232 = -s, -5*b = 3*s - 43720. Let n = -5727 + b. Is n a prime number?
False
Suppose 14*p + 27066 = 8*p. Let f = p - -13605. Is f a composite number?
True
Let d(n) = n**3 - 5*n - 1. Let z be d(5). Suppose 0 = i - 229 - 119. Suppose 3*y - z = i. Is y a prime number?
True
Let w = 13937 - 7279. Is w a prime number?
False
Suppose -16351 = -2*i - 8*d + 14219, 0 = i - d - 15310. Is i a prime number?
False
Let j = 82545 - 40666. Is j a prime number?
True
Let g be ((-10)/(-30))/((-8)/(-120)). Suppose 0*b = 3*b - 366. Suppose -2*a + g*x + 159 = -57, -x + b = a. Is a prime?
False
Let s(f) = -f**3 - 5*f**2 - f - 4. Suppose 4*z - 1 = q, 0 = 5*q - 5*z + 20. Let h be s(q). Is 670/20*2/h prime?
True
Let a(s) = 2*s + 30. Let f be a(-13). Suppose 4*y - 2927 = -5*d + f*d, -2*y - 2927 = -d. Is d composite?
False
Suppose 0 = -747*m + 744*m. Is 50 + 4652 - (-3 + 2 + m) a composite number?
False
Let t = 98 + 404. Suppose 0*v + 4*f - 751 = -3*v, 2*v = -2*f + t. Is v a prime number?
False
Suppose -5*h - 2*f + 47893 = -164260, -297037 = -7*h + f. Is h a prime number?
True
Let r(j) be the second derivative of -13*j**3/6 - j**2 + 18*j. Let p be r(-1). Is (p/(33/(-2)))/(2/(-99)) composite?
True
Is 427533 - (53 - 97) - (1 - 3) composite?
False
Suppose 17*j = 15*j - 2*b + 334184, 15*j = -2*b + 2506393. Is j composite?
True
Suppose -21 + 16 = a. Is (a + 1 - -3)*-2333 prime?
True
Let n = 16 + -13. Suppose -n*x = -0*x - 129345. Is x composite?
True
Let z = 1747 + 817. Suppose 2*c - k - 5108 = k, -z = -c - k. Is c a prime number?
False
Suppose 4*i = -7*i + 77. Suppose i*w - 28186 = 14661. Is w a composite number?
False
Let u = 1 - -10. Suppose -7 + u = -2*r. Is 1292/6 - r/(-6) prime?
False
Let v be ((-60)/8)/5 - (-7295)/2. Let c = v - 2079. Is c a prime number?
True
Suppose h + 4*z + 204 = -0*h, 4*z - 432 = 2*h. Is ((-196)/(-8) + 1)*h/(-6) composite?
True
Suppose v - 2*o - 57413 = 0, -4*v = -3*v - 3*o - 57413. Is v composite?
False
Let h be -1 - -12 - (-9 + 14). Suppose 0 = -h*y + 2243 + 2215. Is y prime?
True
Let o be (-1)/(-1 - 4/(-5)). Suppose 0 = o*m - 38845 - 47440. Is m composite?
False
Let k be (-7 + 75)*(70719/(-6))/(-11). Suppose -4*z + 6*x + 72886 = 0, -5*z + z - 2*x + k = 0. Is z composite?
False
Is (526/4)/((12/1220)/(156/130)) a composite number?
True
Let v(r) = 2*r + 19. Let y(q) = 3*q + 19. Let w(a) = -4*v(a) + 3*y(a). Let n be w(9). Let l(u) = -134*u + 41. Is l(n) prime?
True
Suppose 81*d = -72*d + 8*d + 9849415. Is d a composite number?
False
Let a = -148 + 150. Let u(d) = 0*d - 7315*d**a - 5*d + 7313*d**2 + 5 + 442*d**3. Is u(2) composite?
True
Let g = 98329 - 57602. Is g composite?
True
Suppose -11*l - 7 = -18*l. Is 2075 + -17 + l*-5 composite?
False
Let f(j) = -3*j + 42. Let l be f(14). Suppose 4*x + 8 = 2*i - l*i, -2*x + 20 = 5*i. Is 2*10/i*(-51845)/(-25) a prime number?
True
Let j(f) = 5*f**3 + 3*f**2 - 2*f + 1. Let u be j(6). Let k = -690 + u. Is k a prime number?
True
Let m = -57545 - -137266. Is m composite?
True
Let c = 30147 + 26050. Is c composite?
False
Suppose 3*n - 2*n + 39 = 0. Let q = n - -42. Suppose 5*h - 5*a = 800, q*h - 472 = -3*a - 2*a. Is h a prime number?
False
Let p(n) = 0*n**2 - n + 2 - 5 + n**2 + n**3. Let i(c) = 5*c + 60. Let d be i(-11). Is p(d) a prime number?
False
Let s(a) be the second derivative of a**4/12 - 11*a**3/6 + 13*a**2 + 2*a. Let h be s(17). Let o = h + -75. Is o composite?
False
Suppose -w + 74593 = z, -133*z - 3*w - 74593 = -134*z. Is z composite?
True
Is 108574*(-1 - 11/